ns digit of 4600156?
4
What is the units digit of 93849?
9
What is the thousands digit of 130725?
0
What is the units digit of 96450?
0
What is the hundreds digit of 3790384?
3
What is the hundred thousands digit of 175326?
1
What is the units digit of 428945?
5
What is the ten thousands digit of 1050739?
5
What is the hundreds digit of 2661580?
5
What is the ten thousands digit of 652371?
5
What is the thousands digit of 218466?
8
What is the ten thousands digit of 2264586?
6
What is the tens digit of 3416002?
0
What is the tens digit of 278791?
9
What is the tens digit of 136342?
4
What is the millions digit of 13820827?
3
What is the ten thousands digit of 147893?
4
What is the hundred thousands digit of 212513?
2
What is the tens digit of 31240886?
8
What is the hundred thousands digit of 3403191?
4
What is the hundred thousands digit of 4062544?
0
What is the hundred thousands digit of 255046?
2
What is the ten thousands digit of 439893?
3
What is the ten millions digit of 13771398?
1
What is the tens digit of 13406533?
3
What is the millions digit of 18605836?
8
What is the thousands digit of 621530?
1
What is the hundred thousands digit of 545777?
5
What is the hundred thousands digit of 238266?
2
What is the hundreds digit of 432126?
1
What is the units digit of 111053?
3
What is the tens digit of 1883186?
8
What is the hundreds digit of 1534325?
3
What is the hundreds digit of 115915?
9
What is the tens digit of 108252?
5
What is the ten thousands digit of 136416?
3
What is the ten thousands digit of 5253061?
5
What is the hundreds digit of 8363453?
4
What is the ten thousands digit of 158044?
5
What is the hundred thousands digit of 293966?
2
What is the tens digit of 4338668?
6
What is the thousands digit of 5864323?
4
What is the millions digit of 1955635?
1
What is the tens digit of 21675339?
3
What is the thousands digit of 4486862?
6
What is the thousands digit of 359408?
9
What is the tens digit of 15054779?
7
What is the units digit of 62057?
7
What is the units digit of 841379?
9
What is the hundreds digit of 9238667?
6
What is the units digit of 231348?
8
What is the units digit of 21783169?
9
What is the units digit of 19616419?
9
What is the thousands digit of 1237976?
7
What is the hundred thousands digit of 726949?
7
What is the hundreds digit of 324634?
6
What is the hundreds digit of 187187?
1
What is the hundred thousands digit of 1028792?
0
What is the hundreds digit of 313162?
1
What is the tens digit of 852825?
2
What is the millions digit of 1973687?
1
What is the thousands digit of 13603329?
3
What is the hundreds digit of 3513690?
6
What is the ten thousands digit of 14331950?
3
What is the tens digit of 1672477?
7
What is the tens digit of 317905?
0
What is the ten thousands digit of 16774053?
7
What is the thousands digit of 428621?
8
What is the millions digit of 1427507?
1
What is the units digit of 1090370?
0
What is the thousands digit of 555104?
5
What is the hundred thousands digit of 1826145?
8
What is the tens digit of 47702?
0
What is the hundreds digit of 250622?
6
What is the tens digit of 269422?
2
What is the hundreds digit of 1693058?
0
What is the ten thousands digit of 256605?
5
What is the hundreds digit of 501783?
7
What is the hundreds digit of 3537213?
2
What is the thousands digit of 17328551?
8
What is the millions digit of 8695726?
8
What is the units digit of 6963717?
7
What is the millions digit of 4282512?
4
What is the ten thousands digit of 27191748?
9
What is the hundreds digit of 754281?
2
What is the units digit of 50281?
1
What is the ten thousands digit of 121883?
2
What is the hundred thousands digit of 1531759?
5
What is the hundreds digit of 3082305?
3
What is the hundred thousands digit of 28611297?
6
What is the tens digit of 297833?
3
What is the ten thousands digit of 161728?
6
What is the ten thousands digit of 633838?
3
What is the hundred thousands digit of 7732172?
7
What is the hundreds digit of 3684280?
2
What is the hundreds digit of 1782551?
5
What is the millions digit of 2903852?
2
What is the tens digit of 464060?
6
What is the thousands digit of 9583?
9
What is the ten thousands digit of 10204619?
0
What is the hundred thousands digit of 205954?
2
What is the ten thousands digit of 108155?
0
What is the ten thousands digit of 391978?
9
What is the thousands digit of 2504707?
4
What is the thousands digit of 5555406?
5
What is the hundreds digit of 53172?
1
What is the tens digit of 3236707?
0
What is the tens digit of 822899?
9
What is the tens digit of 149307?
0
What is the ten thousands digit of 82789?
8
What is the thousands digit of 713690?
3
What is the hundreds digit of 12824329?
3
What is the units digit of 1331087?
7
What is the thousands digit of 2093131?
3
What is the hundreds digit of 673681?
6
What is the tens digit of 43834?
3
What is the thousands digit of 743917?
3
What is the units digit of 1455811?
1
What is the tens digit of 159060?
6
What is the ten thousands digit of 222790?
2
What is the thousands digit of 33792?
3
What is the hundreds digit of 1660730?
7
What is the units digit of 1066307?
7
What is the hundreds digit of 371079?
0
What is the tens digit of 5645075?
7
What is the tens digit of 1935105?
0
What is the tens digit of 13283517?
1
What is the units digit of 4779369?
9
What is the hundreds digit of 2087668?
6
What is the hundred thousands digit of 2234551?
2
What is the hundreds digit of 285136?
1
What is the thousands digit of 6799238?
9
What is the thousands digit of 5956748?
6
What is the millions digit of 1450603?
1
What is the units digit of 236232?
2
What is the tens digit of 1372265?
6
What is the hundred thousands digit of 384433?
3
What is the millions digit of 3599359?
3
What is the ten thousands digit of 20894978?
9
What is the units digit of 543494?
4
What is the units digit of 397072?
2
What is the thousands digit of 433802?
3
What is the tens digit of 457342?
4
What is the ten thousands digit of 4716934?
1
What is the millions digit of 1339190?
1
What is the tens digit of 213534?
3
What is the hundreds digit of 2424135?
1
What is the millions digit of 2649094?
2
What is the hundred thousands digit of 848870?
8
What is the hundred thousands digit of 3668658?
6
What is the ten thousands digit of 366668?
6
What is the hundreds digit of 194939?
9
What is the tens digit of 217979?
7
What is the thousands digit of 9434997?
4
What is the hundred thousands digit of 3255829?
2
What is the hundreds digit of 1803963?
9
What is the tens digit of 4157284?
8
What is the tens digit of 4431036?
3
What is the thousands digit of 2520516?
0
What is the ten thousands digit of 284645?
8
What is the tens digit of 19653?
5
What is the hundred thousands digit of 5629573?
6
What is the hundreds digit of 5068718?
7
What is the thousands digit of 971261?
1
What is the hundred thousands digit of 2023109?
0
What is the tens digit of 18812285?
8
What is the tens digit of 77427?
2
What is the hundreds digit of 2310633?
6
What is the hundreds digit of 4578228?
2
What is the tens digit of 6393067?
6
What is the tens digit of 257129?
2
What is the millions digit of 1435258?
1
What is the units digit of 249585?
5
What is the units digit of 145984?
4
What is the hundreds digit of 609725?
7
What is the hundreds digit of 8337975?
9
What is the hundred thousands digit of 900477?
9
What is the tens digit of 2885689?
8
What is the ten thousands digit of 485070?
8
What is the hundreds digit of 611833?
8
What is the hundred thousands digit of 169026?
1
What is the thousands digit of 22413179?
3
What is the millions digit of 8674759?
8
What is the tens digit of 586565?
6
What is the hundreds digit of 484540?
5
What is the thousands digit of 2133917?
3
What is the tens digit of 4513311?
1
What is the hundred thousands digit of 525526?
5
What is the units digit of 9314142?
2
What is the tens digit of 135914?
1
What is the units digit of 1152617?
7
What is the hundreds digit of 4907?
9
What is the thousands digit of 9341033?
1
What is the hundred thousands digit of 1882966?
8
What is the hundred thousands digit of 25488618?
4
What is the thousands digit of 2054062?
4
What is the ten millions digit of 18250249?
1
What is the millions digit of 3101580?
3
Wha